lse
Is 2153 a composite number?
False
Is 1061 composite?
False
Is 199957 a composite number?
True
Is 9391 a prime number?
True
Is 16129 prime?
False
Is 15427 composite?
False
Is 923561 a prime number?
True
Is 49001 composite?
True
Is 38405 a prime number?
False
Is 25591 composite?
True
Is 36401 a prime number?
False
Is 41383 composite?
True
Is 115237 composite?
False
Is 48673 prime?
True
Is 78629 composite?
True
Is 7121 composite?
False
Is 195259 prime?
True
Is 7965941 a composite number?
False
Is 58271 a composite number?
False
Is 30934 prime?
False
Is 2411 a composite number?
False
Is 15229 a prime number?
False
Is 34123 composite?
False
Is 4637 a composite number?
False
Is 817357 prime?
True
Is 962419 a prime number?
False
Is 14369 composite?
False
Is 14683 prime?
True
Is 100709 composite?
True
Is 246803 a prime number?
True
Is 57503 prime?
True
Is 764209 prime?
True
Is 125141 a prime number?
True
Is 632647 a prime number?
True
Is 168167 prime?
False
Is 19447 prime?
True
Is 91027 a prime number?
False
Is 65389 a composite number?
True
Is 27733 composite?
False
Is 69991 a prime number?
True
Is 110141 a composite number?
True
Is 780553 a prime number?
True
Is 80007 a composite number?
True
Is 86627 prime?
True
Is 140789 a prime number?
False
Is 4091 a composite number?
False
Is 448867 a composite number?
False
Is 68141 prime?
True
Is 50737 composite?
True
Is 54941 a composite number?
False
Is 39499 a composite number?
False
Is 32885 prime?
False
Is 800993 a prime number?
True
Is 1302269 a composite number?
False
Is 5462009 prime?
False
Is 8329 prime?
True
Is 1843 a prime number?
False
Is 2051 a prime number?
False
Is 7121 composite?
False
Is 10597 a composite number?
False
Is 60949 a composite number?
True
Is 4201 composite?
False
Is 3739 a prime number?
True
Is 284023 a prime number?
True
Is 1735 a prime number?
False
Is 1183513 prime?
False
Is 288413 a prime number?
True
Is 335539 prime?
True
Is 124789 prime?
False
Is 5371 composite?
True
Is 248315 a prime number?
False
Is 796241 prime?
False
Is 759947 a composite number?
False
Is 282461 composite?
False
Is 398087 prime?
True
Is 3046 composite?
True
Is 3961 prime?
False
Is 134731 composite?
False
Is 181229 a prime number?
False
Is 8057 prime?
False
Is 1439 a prime number?
True
Is 1511 a prime number?
True
Is 30167 prime?
False
Is 487 composite?
False
Is 291073 a composite number?
True
Is 205079 a composite number?
True
Is 1028047 a composite number?
False
Is 14995 a prime number?
False
Is 201547 a composite number?
False
Is 982258 composite?
True
Is 116159 a composite number?
False
Is 6803 composite?
False
Is 875119 composite?
True
Is 7627 a prime number?
False
Is 13751 composite?
False
Is 1473001 a composite number?
True
Is 155773 a composite number?
False
Is 267109 a prime number?
False
Is 9406 a prime number?
False
Is 1584469 prime?
True
Is 266573 a composite number?
True
Is 9917 a composite number?
True
Is 254887 prime?
True
Is 1301921 prime?
True
Is 8903 a composite number?
True
Is 279541 composite?
False
Is 156787 composite?
True
Is 198709 prime?
False
Is 205 prime?
False
Is 307 composite?
False
Is 32221 prime?
False
Is 114914 a prime number?
False
Is 43597 prime?
True
Is 11303 prime?
False
Is 170193 a composite number?
True
Is 5293 a composite number?
True
Is 46381 composite?
False
Is 17401 a prime number?
True
Is 34433 prime?
False
Is 7069 composite?
False
Is 249703 prime?
True
Is 157721 a prime number?
True
Is 20841 composite?
True
Is 10226 a composite number?
True
Is 41329 a prime number?
False
Is 3365 prime?
False
Is 31643 a composite number?
False
Is 8893 prime?
True
Is 161363 composite?
False
Is 378563 composite?
True
Is 119651 composite?
True
Is 2474687 a composite number?
False
Is 75149 a prime number?
True
Is 2629034 a composite number?
True
Is 186601 a composite number?
False
Is 144649 prime?
False
Is 85055 composite?
True
Is 3922063 prime?
True
Is 805799 a prime number?
True
Is 10445 a composite number?
True
Is 15779 a prime number?
False
Is 761 a composite number?
False
Is 1115 composite?
True
Is 7563 a prime number?
False
Is 3389 composite?
False
Is 502919 prime?
True
Is 28001 prime?
True
Is 1047251 a composite number?
True
Is 8597 prime?
True
Is 51857 composite?
True
Is 234907 composite?
False
Is 2813 a composite number?
True
Is 37427 composite?
True
Is 105895 prime?
False
Is 381 prime?
False
Is 39359 a composite number?
False
Is 62851 a composite number?
False
Is 104119 prime?
True
Is 2104709 composite?
True
Is 1823 prime?
True
Is 91313 prime?
False
Is 16871 composite?
False
Is 48449 a prime number?
True
Is 261157 prime?
False
Is 9091 composite?
False
Is 13645 a prime number?
False
Is 18077 a prime number?
True
Is 400409 a composite number?
False
Is 524989 prime?
False
Is 1273 composite?
True
Is 109946 prime?
False
Is 263183 a prime number?
True
Is 22739 prime?
True
Is 1594 prime?
False
Is 77447 a composite number?
False
Is 3191438 composite?
True
Is 5739 a composite number?
True
Is 4037 prime?
False
Is 28465 a composite number?
True
Is 8999 prime?
True
Is 94678 a composite number?
True
Is 684469 prime?
True
Is 865114 composite?
True
Is 2879 a prime number?
True
Is 19823 a composite number?
True
Is 222727 a composite number?
True
Is 88951 a prime number?
True
Is 2657 a prime number?
True
Is 416959 a composite number?
True
Is 105887 a prime number?
False
Is 319 composite?
True
Is 178283 composite?
True
Is 37139 composite?
False
Is 2501 a prime number?
False
Is 9797 prime?
False
Is 2836303 a composite number?
False
Is 39265 prime?
False
Is 1438709 a prime number?
True
Is 72057 prime?
False
Is 750287 composite?
False
Is 276493 prime?
False
Is 31873 composite?
False
Is 11099 composite?
True
Is 8453 prime?
False
Is 109807 composite?
False
Is 1282 a prime number?
False
Is 307939 a composite number?
False
Is 213573 composite?
True
Is 14507 prime?
False
Is 35863 prime?
True
Is 91673 a prime number?
True
Is 286751 a composite number?
False
Is 69847 composite?
False
Is 20467 a prime number?
False
Is 7187 composite?
False
Is 83459 composite?
False
Is 24074 prime?
False
Is 869 prime?
False
Is 993349 prime?
False
Is 901 a prime number?
False
Is 46049 composite?
False
Is 26357 a prime number?
True
Is 6823 a prime number?
True
Is 178519 a composite number?
True
Is 133729 prime?
False
Is 301019 a composite number?
True
Is 526 composite?
True
Is 11693 composite?
True
Is 245221 composite?
True
Is 32957 composite?
False
Is 5981 a prime number?
True
Is 10033 composite?
True
Is 36083 a prime number?
True
Is 487933 a composite number?
False
Is 40901 a prime number?
False
Is 383791 a prime number?
True
Is 737 a composite number?
True
Is 24359 a composite number?
False
Is 40393 composite?
True
Is 17807 a composite number?
False
Is 443773 a prime number?
False
Is 2767 composite?
False
Is 1163 a composite number?
False
Is 457319 a composite number?
False
Is 124427 composite?
False
Is 276197 a composite number?
True
Is 107187 composite?
True
Is 4571 a composite number?
True
Is 354697 a composite number?
True
Is 47731 composite?
True
Is 35057 composite?
True
Is 3361889 a composite number?
False
Is 1213 a prime number?
True
Is 61463 a composite number?
False
Is 4334619 a prime number?
False
Is 450049 composite?
True
Is 86171 prime?
True
Is 15977 a prime number?
False
Is 1730321 composite?
True
Is 46601 a composite number?
False
Is 663323 a composite number?
True
Is 64553 prime?
True
Is 11463 composite?
True
Is 1562347 a composite number?
False
Is 9587 a composite number?
False
Is 6547 composite?
False
Is 7393 prime?
True
Is 23137 a composite number?
True
Is 89949 a prime number?
False
Is 6521 a prime number?
True
Is 252139 composite?
False
Is 100129 a composite number?
False
Is 6653 prime?
True
Is 20897 a prime number?
True
Is 9643 prime?
True
Is 20993 prime?
False
Is 28789 prime?
True
Is 977 composite?
False
Is 1037 a prime number?
False
Is 13323 a composite number?
True
Is 2218 a composite number?
True
Is 22271 a composite number?
False
Is 5297 composite?
False
Is 11707 prime?
False
Is 685001 a composite number?
False
Is 574907 composite?
False
Is 223937 composite?
True
Is 4547 a composite number?
False
Is 24509 a prime number?
True
Is 2688451 a prime number?
True
Is 38089 a composite numbe